-28 = 2*a - 3*a. Suppose t + r = -4*t + 25, -5*t = 5*r - 25. Suppose 25 = -5*o, 5*l + t*o = 71 + 174. What is the remainder when l is divided by a?
26
Calculate the remainder when 381 is divided by (-492)/(-9) - 1/(-3).
51
Suppose -2*z + 0*z = -3*l, 3*z + 3 = 3*l. Let g = z + 7. Let v(j) = 2*j. Calculate the remainder when 23 is divided by v(g).
7
Let q = 363 - 347. What is the remainder when 21 is divided by q?
5
Let t = 62 - -101. Calculate the remainder when t is divided by 42.
37
Calculate the remainder when 42/(-189) + (-11596)/(-18) is divided by 81.
77
Suppose -72*d - 743 = -1823. Calculate the remainder when 51 is divided by d.
6
Let s(u) = 5*u**3 + 4*u**2 + 4*u + 1. Let q be s(-1). Suppose -345 = -0*j - 5*j. Let r = j + q. What is the remainder when r is divided by 22?
21
Suppose 0 = 12*i - 110 - 46. Calculate the remainder when 32 is divided by i.
6
Let x = -9 + 13. Suppose k = x*d - 2, -3*k - 3*d = k - 11. Calculate the remainder when 69 is divided by 38/2 + k/(-2).
15
Let r(c) = -2*c**3 - 23*c**2 - 16*c - 14. Let o = -83 + 154. Let j = o - 49. Calculate the remainder when r(-11) is divided by j.
19
Calculate the remainder when (-68)/(5*4/(-20)) is divided by 26.
16
Let m be (-3)/(-15) - (-138)/(-15). Let y = 7 + m. Let w = 26 + y. Calculate the remainder when w is divided by 13.
11
Suppose j - 2*j + 77 = 0. Let r(h) = 4*h**2 + 55*h - 174. Calculate the remainder when j is divided by r(3).
23
Suppose -q - 2*i - 13 = i, 4*i = -20. Suppose -q*c + 3*g = 2*c - 95, -c - 4*g = -19. What is the remainder when c is divided by 4?
3
Let a(z) = z**2 + z + 9. Let w be a(0). Suppose 0 = 2*r - 55 - w. What is the remainder when r is divided by 11?
10
Calculate the remainder when 141 is divided by ((-146)/(-3))/(17/561*22).
68
Let p = -32 + 31. Let f(n) = -66*n**3 - 2*n**2 - 4*n - 3. Calculate the remainder when f(p) is divided by 24.
17
Let b(l) = 7*l**2 + 9*l + 7. Calculate the remainder when b(-7) is divided by 58.
55
Let z = -29 - -37. Suppose -z*d + d = -49. What is the remainder when d is divided by 4?
3
Let w = -42 + 42. Suppose -9*c + 198 = -w*c. Calculate the remainder when 43 is divided by c.
21
Suppose 55 + 300 = 5*i. Suppose 137 = 5*t + 3*m, 0*m - m - i = -3*t. Let r(j) = 2*j + 3. What is the remainder when t is divided by r(3)?
7
Suppose 2*f = -2*c + 72, 2*f + 4*c - 13 = 69. Let x(b) = -17 + 38 + 4*b + b**2 - 9. What is the remainder when f is divided by x(-5)?
14
Suppose -5*g + 86 = -119. Let q(c) = 4*c**3 - 2*c**2 - c. Let z(x) = x**2 + 2. Let r be z(0). What is the remainder when g is divided by q(r)?
19
Let c = 451 + -238. What is the remainder when c is divided by 36?
33
Suppose 2*f - 1361 = -s, -48*f + 3*s + 684 = -47*f. What is the remainder when f is divided by 11?
10
Suppose 243 = -8*d + 1219. Calculate the remainder when d is divided by 33.
23
Suppose 3*j + 8 = -d, d + 2*j - 6*j - 13 = 0. Let c be ((d - -28) + 1)/1. Suppose -2*o + c + 0 = 0. What is the remainder when 28 is divided by o?
13
Let t(q) = -2*q + 11. Let c be (-51)/15*2 - 1/5. What is the remainder when t(c) is divided by 7?
4
Suppose 36 + 46 = 5*j - i, 43 = 2*j + 3*i. Suppose 3*f - s + 0*s = j, -3*f = -4*s - 23. What is the remainder when 27*f*6/18 is divided by 16?
13
What is the remainder when 640 is divided by 12375/594 + 2/12?
10
Suppose 0 = r - 0*c + c - 7, c = 5. Suppose 0 = -0*z + r*z. Suppose z*j + 455 = 5*j. Calculate the remainder when j is divided by 31.
29
Suppose 2*g = 3*g + u - 62, 0 = 3*u - 3. Calculate the remainder when g is divided by 17.
10
Let u(r) = -r**2 - 6*r + 9. Let f be u(-7). Suppose -f*i + 9 = -37. Suppose -3*o = -o + 2*x - 20, -x + 49 = 4*o. What is the remainder when i is divided by o?
10
Suppose -352 = 5*b - 16*b. What is the remainder when 150 is divided by b?
22
Let n(k) = 3*k**2 + 43*k + 21. What is the remainder when 243 is divided by n(-14)?
5
Let a(v) = v**2 - 9*v + 11. Suppose 0*w - p - 31 = -4*w, 3 = w - 5*p. Calculate the remainder when a(w) is divided by (-15)/(-3) - (2 + 0).
0
Suppose 0 = -3*n - 6, 0*b + 2*n - 68 = -3*b. What is the remainder when 47 is divided by b?
23
Suppose 3*g - 94 + 586 = 4*n, 4*n - 2*g - 492 = 0. Calculate the remainder when n is divided by 46.
31
Let u(q) = 5*q - 1. Suppose -8*h + 11 + 5 = 0. Suppose -4*x + 2*x = -h. Calculate the remainder when 7 is divided by u(x).
3
Let v be ((-49)/(-14))/(2/(-28)). Let t = -36 - v. Calculate the remainder when 22 is divided by t.
9
Let y = 171 + -114. What is the remainder when 45 is divided by 40/(-2)*y/(-95)?
9
Suppose -5*x = 2*q - 100, -20 = 5*x - 0*x. Calculate the remainder when 262 is divided by q.
22
Suppose 0 = 5*g - 5. Let m be (-42)/g + 3 + -2. Let l = 64 + m. Calculate the remainder when l is divided by 8.
7
Let u = -2954 - -2957. Suppose 0 = 2*z + 5 - 23. What is the remainder when z is divided by u?
0
Suppose 0 = 2*l - 11 + 3. Suppose -l*t - 4*d = -4, 0 = -t + 3*t - 5*d - 37. Suppose 7*y - t*y - 19 = 0. Calculate the remainder when 73 is divided by y.
16
Suppose -4*g - 612 = -9*g + x, 124 = g - x. Suppose 0*l + 2*l = g. Calculate the remainder when l is divided by 13.
9
Let r = 1 - 5. Let f be 0/((4/r)/(-1)). Suppose 2*h - 30 = -f*h. Calculate the remainder when h is divided by 4.
3
Suppose -k + 10 = i, 7 = k - i + 3*i. What is the remainder when 1311 is divided by k?
11
Let k = 177 + 14. What is the remainder when k is divided by 8?
7
Let h be (-2)/(4 + (-78)/19). Suppose i - 3 = 0, 0 = 5*r + i + 2*i - h. Suppose 4*z - 13 = -5. What is the remainder when z is divided by r?
0
Suppose -3*j - 378 = -6*j. Suppose 240 + 96 = 21*b. Calculate the remainder when j is divided by b.
14
Suppose -10 = -5*g - 2*p, -4 = 3*g + 3*p - 19. What is the remainder when 12 is divided by -3 + 7 + g/1?
0
Let o(d) = 8*d + 13. Calculate the remainder when 34 is divided by o(0).
8
Suppose 0*u = -2*u + 112. Suppose -3*j - j = u. Let f = 20 + j. Calculate the remainder when 23 is divided by f.
5
Let t(m) = m**2 - 24 - 4*m**2 - m**2 + 3*m**2 - 14*m. Calculate the remainder when 124 is divided by t(-9).
19
Let x = 50 + -1. Let r(q) be the second derivative of -q**5/20 + 7*q**4/12 - 2*q**3/3 + 13*q**2/2 - 22*q. What is the remainder when x is divided by r(6)?
24
Let k(c) = -c**3 - c**2 + 4*c + 71. What is the remainder when k(0) is divided by 4?
3
Suppose -3*d - 2*f = -49, f - 1 = 2*d - 36. Suppose 0 = -3*n + 3*p - 39, -4*n - 42 - 10 = p. Let r = n + d. Calculate the remainder when 9 is divided by r.
1
Let l be 3/((-6)/(-16)) - (-8 + 9). Let u = l + 65. Calculate the remainder when u is divided by 15.
12
Let j(y) = y**2 - 22*y + 55. Let q be j(17). Let l(x) = -2*x**3 - x**2 + 1. What is the remainder when q/(-35) + (-260)/(-7) is divided by l(-2)?
12
Let a(x) = -4*x**3 - x**2 + 2. Let c be a(-1). Calculate the remainder when 39 is divided by 4/c*(-140)/(-8).
11
Let l = 20 - 15. Let j = -22 - -36. Calculate the remainder when j + -4 + (2 - 0) is divided by l.
2
Suppose -78 = -3*s - 5*h, -2*s + 5*h + 27 = -50. Calculate the remainder when s is divided by 17.
14
Let u = 181 - 151. What is the remainder when 269 is divided by u?
29
Let g(f) = f**3 - 5*f**2 - 11. Let p be g(6). Suppose 21*h - p*h + 836 = 0. Calculate the remainder when h is divided by 35.
34
Let r be (2 + 3)*15/5. Suppose r = -2*f + 5*f. Suppose 9 = -3*n - 0, -f*i = -2*n - 156. What is the remainder when i is divided by 11?
8
Let j(w) = w**3 + 19*w**2 - 149*w - 9. Calculate the remainder when j(7) is divided by 114.
108
Let y be 66/14 - (-4)/14. Suppose -c + 3*d + 8 = -2*c, -y*d - 14 = c. Let k = 61 - 60. What is the remainder when k is divided by c?
0
What is the remainder when (-35 + 33)*(-387)/2 is divided by 30?
27
Let o = -16 + 5. Let i = o - -16. Suppose -n + 7 + i = 0. Calculate the remainder when 34 is divided by n.
10
Let q = -324 - -334. What is the remainder when (-564)/(-18) + 4/6 is divided by q?
2
Suppose -x = -31 + 3. Calculate the remainder when 3 - (-57 + 2 + 3) is divided by x.
27
Let v = 3 - 29. Let c = -4 - v. Let q(r) = 64*r**2 - 2*r + 1. Calculate the remainder when q(1) is divided by c.
19
Let h(u) = u**2 + 5*u - 8. Suppose -6 = 2*m, 3*z + 3*m = -2*z + 101. Let g = -7 + z. What is the remainder when h(-9) is divided by g?
13
Suppose 3*f = 3*r + 246, -4*r + 143 = 2*f + 9. What is the rema